
What is the greatest common factor of 3 and 4692?
3
Calculate the highest common factor of 19 and 323.
19
Calculate the highest common divisor of 2788 and 451.
41
Calculate the greatest common divisor of 4459 and 7889.
343
Calculate the greatest common divisor of 272 and 17.
17
What is the highest common factor of 2825 and 50?
25
Calculate the highest common factor of 81 and 108.
27
What is the greatest common divisor of 25 and 35?
5
What is the highest common divisor of 456 and 969?
57
What is the greatest common factor of 36 and 156?
12
Calculate the greatest common factor of 48 and 676.
4
Calculate the greatest common factor of 35070 and 5.
5
What is the greatest common factor of 707 and 909?
101
Calculate the greatest common divisor of 89 and 89.
89
What is the highest common factor of 3640 and 160?
40
Calculate the greatest common factor of 20 and 180.
20
What is the greatest common divisor of 29264 and 217?
31
What is the highest common divisor of 1179 and 9?
9
Calculate the highest common factor of 1815 and 33.
33
Calculate the highest common divisor of 301 and 4687.
43
Calculate the highest common divisor of 441 and 13083.
147
Calculate the highest common divisor of 8 and 2.
2
Calculate the highest common divisor of 9 and 26721.
9
Calculate the greatest common divisor of 312 and 780.
156
What is the highest common factor of 44 and 2167?
11
What is the highest common divisor of 129 and 344?
43
Calculate the highest common factor of 21619 and 13.
13
Calculate the greatest common factor of 2 and 10550.
2
What is the greatest common factor of 20 and 60?
20
Calculate the highest common divisor of 49 and 637.
49
Calculate the greatest common divisor of 195 and 78.
39
Calculate the greatest common factor of 104 and 754.
26
What is the highest common factor of 324 and 9?
9
Calculate the highest common factor of 62 and 1922.
62
Calculate the greatest common divisor of 14267 and 22.
11
Calculate the highest common divisor of 156 and 312.
156
Calculate the greatest common divisor of 7 and 707.
7
What is the greatest common divisor of 1 and 5521?
1
What is the greatest common divisor of 635 and 1651?
127
What is the greatest common divisor of 6494 and 170?
34
What is the highest common factor of 184 and 322?
46
What is the greatest common factor of 648 and 912?
24
Calculate the highest common factor of 108 and 7506.
54
Calculate the highest common factor of 87 and 609.
87
Calculate the greatest common factor of 440 and 528.
88
Calculate the highest common divisor of 192 and 7360.
64
Calculate the greatest common factor of 477 and 9.
9
What is the highest common divisor of 20094 and 102?
102
Calculate the highest common divisor of 1175 and 100.
25
What is the highest common factor of 15579 and 27?
27
Calculate the greatest common factor of 147 and 4263.
147
What is the highest common divisor of 2 and 7126?
2
Calculate the highest common divisor of 11 and 1474.
11
What is the greatest common divisor of 74 and 3811?
37
What is the highest common divisor of 80 and 5680?
80
What is the greatest common divisor of 11 and 2134?
11
What is the highest common divisor of 8840 and 68?
68
What is the greatest common factor of 3 and 39?
3
Calculate the greatest common divisor of 200 and 1880.
40
Calculate the greatest common factor of 12 and 19518.
6
Calculate the highest common factor of 1830 and 30.
30
Calculate the greatest common factor of 27 and 729.
27
Calculate the greatest common divisor of 11364 and 12.
12
Calculate the highest common divisor of 784 and 294.
98
Calculate the greatest common factor of 104 and 1118.
26
Calculate the greatest common factor of 18 and 12.
6
Calculate the greatest common factor of 92 and 805.
23
What is the highest common factor of 91 and 49?
7
Calculate the greatest common divisor of 1273 and 19.
19
What is the greatest common divisor of 152 and 4750?
38
Calculate the highest common factor of 82 and 369.
41
Calculate the greatest common divisor of 13500 and 108.
108
What is the greatest common divisor of 3960 and 1408?
88
Calculate the greatest common divisor of 96 and 3.
3
Calculate the highest common divisor of 406 and 84.
14
What is the greatest common divisor of 22 and 8?
2
Calculate the greatest common factor of 810 and 360.
90
Calculate the highest common factor of 96 and 6276.
12
Calculate the highest common factor of 52 and 273.
13
Calculate the highest common divisor of 176 and 112.
16
What is the highest common divisor of 1008 and 112?
112
Calculate the greatest common divisor of 22 and 7678.
22
What is the highest common divisor of 392 and 672?
56
Calculate the highest common factor of 64 and 1216.
64
Calculate the highest common divisor of 5 and 3595.
5
Calculate the highest common divisor of 14 and 10402.
14
What is the greatest common divisor of 378 and 1974?
42
Calculate the highest common divisor of 3400 and 408.
136
Calculate the greatest common factor of 154 and 22.
22
Calculate the highest common factor of 697 and 328.
41
Calculate the greatest common divisor of 1903 and 11.
11
Calculate the greatest common factor of 99 and 693.
99
Calculate the greatest common divisor of 1345 and 135.
5
Calculate the highest common divisor of 14162 and 194.
194
What is the greatest common factor of 9 and 1386?
9
Calculate the highest common factor of 111 and 1961.
37
Calculate the greatest common factor of 50 and 580.
10
Calculate the greatest common factor of 28 and 686.
14
Calculate the greatest common factor of 136 and 646.
34
Calculate the greatest common factor of 270 and 315.
45
Calculate the greatest common divisor of 894 and 30.
6
Calculate the highest common factor of 15038 and 292.
146
Calculate the greatest common divisor of 360 and 9270.
90
Calculate the highest common factor of 9 and 666.
9
What is the greatest common factor of 20 and 110?
10
What is the highest common divisor of 6 and 786?
6
What is the highest common factor of 21 and 3?
3
Calculate the highest common factor of 72 and 1224.
72
Calculate the greatest common divisor of 94 and 7003.
47
Calculate the highest common factor of 22 and 3058.
22
What is the highest common divisor of 116 and 87?
29
Calculate the highest common factor of 130 and 1510.
10
What is the greatest common divisor of 714 and 56?
14
Calculate the greatest common factor of 20 and 6.
2
Calculate the highest common divisor of 84 and 12.
12
What is the highest common divisor of 8 and 12?
4
Calculate the greatest common factor of 68 and 2414.
34
Calculate the greatest common factor of 42186 and 237.
237
What is the highest common factor of 19 and 152?
19
What is the highest common divisor of 44 and 28?
4
Calculate the greatest common divisor of 123 and 3239.
41
Calculate the greatest common factor of 40 and 50.
10
What is the greatest common divisor of 96 and 432?
48
What is the greatest common divisor of 25 and 650?
25
Calculate the greatest common factor of 230 and 322.
46
What is the greatest common factor of 2108 and 3604?
68
What is the highest common divisor of 42 and 252?
42
Calculate the greatest common divisor of 897 and 23.
23
What is the highest common divisor of 133 and 56?
7
Calculate the highest common divisor of 920 and 46.
46
Calculate the greatest common factor of 33 and 5401.
11
What is the highest common factor of 41 and 7339?
41
Calculate the highest common factor of 41 and 11111.
41
Calculate the greatest common divisor of 308 and 176.
44
What is the highest common factor of 70 and 1190?
70
Calculate the greatest common factor of 44 and 60.
4
What is the greatest common divisor of 265 and 20?
5
What is the greatest common factor of 165 and 231?
33
What is the greatest common factor of 57 and 13129?
19
Calculate the highest common divisor of 3072 and 1200.
48
What is the greatest common factor of 18 and 2?
2
Calculate the highest common factor of 91 and 52.
13
What is the highest common divisor of 36 and 171?
9
Calculate the highest common divisor of 4580 and 20.
20
What is the greatest common factor of 15 and 1475?
5
What is the highest common divisor of 97 and 3977?
97
Calculate the greatest common factor of 9930 and 60.
30
What is the greatest common divisor of 11 and 55?
11
Calculate the highest common divisor of 219 and 16206.
219
Calculate the greate